 What is d(i)?
7
Suppose 3*s = -156*d + 154*d - 6, 2*d + 2*s = -6. Let i(z) be the first derivative of -3*z**2/2 - 2*z + 9. What is i(d)?
7
Let x(g) = 4*g - 13. Let u(d) = d**3 + 4*d**2 - 195*d - 947. Let v be u(-5). Give x(v).
-1
Let c(b) = -4*b - 1. Let t(s) = 59*s + 8. Let l(j) = 30*j + 4. Let n(r) = 5*l(r) - 3*t(r). Let m(h) = -6*c(h) + n(h). Let u = 1 - -1. What is m(u)?
-4
Let b(i) = 19*i**3 + 19*i + 96. Let m(f) = 2*f**3 + f**2 + f + 9. Let d(z) = -b(z) + 10*m(z). What is d(-11)?
-28
Suppose -30 = -12*q + 66. Let c(y) = 2*y - q + 9*y - 5*y + 0*y + 0*y. Calculate c(3).
10
Let o(n) = -n**3 - 7*n**2 + 18*n - 1. Let h(a) = 447*a - 3585. Let f be h(8). Calculate o(f).
-1
Let t(n) be the first derivative of -6*n**3 - n**2/2 - 14. Suppose 12 = -g + 16. Suppose -g*c = 2*u - 18, -u + 1 = -5*c + 20. What is t(u)?
-19
Let a(t) be the third derivative of -t**6/60 - 7*t**5/30 + t**4/24 + 8*t**3/3 + 7428*t**2. What is a(-7)?
9
Suppose -3 = -4*q - 4*c - 11, 4*c + 18 = q. Let b be -1 + q - 14/(-2). Let o(v) = 15*v - 1. Let u(x) = -x**2 - 38*x + 10. Let n(f) = -3*o(f) - u(f). Give n(b).
1
Let g(h) = -h - 8. Let o(i) = 12*i - 3 - 15*i + 1. Let k be o(2). What is g(k)?
0
Let z(q) be the second derivative of q**4/12 - 2*q**3/3 - 5*q**2/2 + 143*q. Suppose 0 = 11*f - 0*f - 55. Determine z(f).
0
Let h(x) = 2*x**3 + 11*x**2 + 8*x + 15. Let s be h(-5). Suppose c - 6*b + 8*b = s, 4*b = 3*c - 30. Let d(f) = f**3 - 6*f**2 + 5*f + 4. What is d(c)?
34
Let b(m) = -m**3 - 3*m**2 + 2*m - 2. Let p(q) = -q**2 + 6*q + 3. Let k be p(6). Let a = 50 + -49. Suppose -f - k = a. Determine b(f).
6
Let b(n) = -4*n + 69. Suppose -35 = -3*v - 4*z + 23, 0 = -2*v - 5*z + 41. What is b(v)?
-3
Let i(s) = s**2 + 9*s + 2. Suppose -3*v + q = 20, -4*q - 4 = -0*v + 2*v. Let w be 12 + v - 2*7. Calculate i(w).
-6
Let m(x) = 18*x**2 - 22*x - 9. Let j(u) = 12*u**2 - 15*u - 6. Let n(p) = 10*j(p) - 7*m(p). Calculate n(-1).
-7
Let v(a) = -a**2 - 5*a - 4. Suppose -27*t = -214 + 52. Let f be (t - -1 - 6) + -6. What is v(f)?
-4
Suppose 6 = 137*b - 136*b - 4*f, 3*f + 10 = -2*b. Let q(s) = 7*s - 3. What is q(b)?
-17
Let o(f) = -1422*f + 715*f + f**2 + 720*f + 37. What is o(-16)?
85
Let w(c) = 16*c - 12. Let v = -26202 - -26202. Give w(v).
-12
Let q be (0 - 2)*(-1 + 0). Suppose q*m = 6, 3*h = -3*m + m + 9. Let f(s) = -21*s + 2395*s**3 + 9*s + 11*s - 1203*s**3 - 1207*s**3. What is f(h)?
-16
Let h be 3/(-6) + 1337/(-382). Let z(i) = -i**3 - 6*i**2 - 9*i - 7. Calculate z(h).
-3
Let k(o) = -3*o**3 + 8*o**2 + 10*o - 16. Let g(m) = -m**3 + 4*m**2 + 3*m - 6. Let h(p) = -5*g(p) + 2*k(p). What is h(-5)?
-2
Let c(s) = -2*s**2 - 6*s. Let a(j) = -j - 6. Let t be a(-7). Suppose 0 = b - 0*b - 2*i + 1, 3*i = b - t. Determine c(b).
-20
Let l(t) = -5*t**2 + t**2 - 1 + 3 - 3*t + t**3. Let z be (((-930)/(-36))/(-31))/(2*(-1)/12). Determine l(z).
12
Let b = -409 + 732. Let y = -329 + b. Let q(a) = a**3 + 6*a**2 - 2*a - 2. Determine q(y).
10
Let v(x) = -5*x**3 + 7*x**2 + 4*x + 7. Let d(p) = 2*p**3 + p. Let w(h) = -3*d(h) - v(h). What is w(-6)?
-1
Let v(r) = r**3 + 19*r**2 + 24*r + 17. Let b(i) = 2*i**3 + 38*i**2 + 49*i + 38. Let c(y) = 6*b(y) - 13*v(y). What is c(-18)?
7
Suppose -b = -4*v + 5, -4 = 4*b - 16. Suppose 4*k + 5*t - 250 = 0, 4*t = -0*k - v*k + 128. Let q = 55 - k. Let a(j) = 4*j + 4. Determine a(q).
-16
Let l be (209/(-38))/(21/42). Let m(o) = -5*o**2 - 62*o + 9. What is m(l)?
86
Let s(f) = 3*f**3 - 2261628*f**2 + 2261627*f**2 + 2 + 2*f**3 - f + 6*f - 3. Calculate s(3).
140
Let v(c) = c**2 - 11*c + 6. Let r = -819 + 826. Give v(r).
-22
Let l = -25 + 29. Let j(r) = -3 + l*r + 4*r - 4*r + 4. Let x be ((-1)/3)/((-4 + 9)/(-15)). Calculate j(x).
5
Let f(c) be the first derivative of 2*c**3/3 - 17*c**2/2 - 53*c + 9352. Calculate f(10).
-23
Suppose -4*o + 40 = o. Suppose 5*f = 5*p + 40, -10*p = -3*f - 5*p + 22. Let d(t) = 5 + 2*t**2 - t**3 + 14*t**2 - f*t**2 + 2*t + 5*t. Calculate d(o).
-3
Let o(m) = -4*m - 40. Let q(c) = 2*c + 17. Let k(v) = -5*o(v) - 9*q(v). Give k(-20).
7
Let j(p) = 99*p + 137. Let i(q) = -2*q + 23. Let n(s) = 6*i(s) - j(s). What is n(-1)?
112
Let q(x) = 76*x - 73. Suppose -2*l + 17 = p, -42*p + 47*p + 2*l - 21 = 0. Give q(p).
3
Let a(r) = 17*r**2 - 2*r + 12. Let l(g) = -5*g**2 + g - 4. Let f(n) = -2*a(n) - 7*l(n). What is f(4)?
8
Let p(v) = v**2 - 2*v. Let m be p(5). Suppose -b - 3*d = -m, 5*b = b + d + 8. Let c(r) = 3 + r - 5 + b*r + 1. What is c(-4)?
-17
Let z(p) = 19*p**3 + 195*p**2 - 123*p - 59. Let s(g) = 3*g**3 + 32*g**2 - 21*g - 10. Let d(t) = -13*s(t) + 2*z(t). Give d(-27).
12
Let b be 0 - 1/1 - (-144)/24. Suppose 4*w = 5*w - b. Let y(n) be the first derivative of n**4/4 - 5*n**3/3 + n**2/2 - 5*n + 3. Determine y(w).
0
Let z(g) be the second derivative of -2*g**3/3 + 4*g**2 + 315*g. Determine z(5).
-12
Let t(n) be the second derivative of 2*n**5/5 + n**4/6 - n**3/6 + 2*n. Let v = 6131 - 6130. Determine t(v).
9
Let a(b) = 4*b + 2. Let u be a(-2). Let q be -2 - (1 - 0) - (-23 - -18). Let d(r) = -2*r**2 + q*r**2 + r**2 + 593 + 9*r - 589. Calculate d(u).
-14
Let p(l) be the third derivative of 13*l**4/12 - 21*l**3 + 1852*l**2. Calculate p(5).
4
Let x(m) = 95 + 163 + 11856*m - 11725*m. Give x(-2).
-4
Let m(f) = -3*f + 6. Let n = -295 - -295. Suppose 2*o - 2 = n, 3*q - 7 - 8 = -3*o. Give m(q).
-6
Suppose 2*k = w + 2, -8*k + 3*k = 3*w - 27. Let a(j) = -51*j**3 - 5*j**2 + 4 - 1 + 5 - 7*j + 30*j**3 + 22*j**k. Let g = 7 - 1. Determine a(g).
2
Let b(t) be the third derivative of t**5/60 - 3*t**4/4 + 22*t**3/3 - 32*t**2. Give b(15).
-1
Let y(h) = h**3 + 5*h**2 - 8*h + 1. Let v be ((120/(-144))/((-1)/(-6)))/1. What is y(v)?
41
Let r(w) = -w + 1. Suppose 5*p - 29 = 231. Suppose -16*n + p + 76 = 0. Suppose -n = b + b. What is r(b)?
5
Let g(s) be the first derivative of -s**3/3 + 5*s**2/2 + 26*s - 3831. Give g(-5).
-24
Let b(k) = -k**2 + 10*k + 7. Suppose -3*a = -3*w - 6, 305*w - 309*w - 8 = 0. Calculate b(a).
7
Let j(y) be the first derivative of 7*y**2/2 + 26*y + 2222. Give j(-11).
-51
Let q(r) = -r - 1. Let j(n) = 9*n**3 + 2*n**2 + n - 1. Let z be 15 - 12 - 1*4. Let m be -1 + z - ((-7)/(-1) + -8). Let u be j(m). What is q(u)?
8
Let s(a) = 9*a - 13. Let m(j) = 423*j + 1698. Let r be m(-4). Give s(r).
41
Let g(a) = -1 - a**3 + 2*a + 4 - 4 + 4*a**2. Let y(x) = 4*x**2 - 42*x + 231. Let m be y(21). Let l = 1117 - m. Calculate g(l).
7
Let c(w) be the third derivative of -7/6*w**3 - 146*w**2 - 7/60*w**5 + 0 + 1/3*w**4 + 0*w + 1/120*w**6. Give c(6).
5
Let d(s) = -2*s + 19. Let g be d(-5). Let f(k) = 65*k - 2 - g*k - 33*k. Suppose 4*b = -0*h + h + 16, -2*h = 8. Give f(b).
7
Suppose c - 5*z = -4*c - 10, 0 = -3*c - 2*z + 19. Suppose 4*h - c*i = 2, i - 14 = -4*h - 2*i. Let u(p) = 2 + 3*p - 6 + h + 0. Give u(3).
7
Let q(p) = -2*p + 24. Let v = 335 + -342. What is q(v)?
38
Let d(s) = -s**3 + 3*s**2 + 10*s - 8. Let p(f) = -f**2 - 794*f - 3940. Let g be p(-5). What is d(g)?
-8
Let d = 0 + -1. Let h(x) = 306*x**2 - 50 - 307*x**2 - x + 136 - 44 + 15*x**3 - 43. What is h(d)?
-16
Let c = -10 + 12. Let g(d) = -2 + 24*d**2 - 25*d**2 - c - 7*d. Suppose 5*n + 3*t = 2*t - 36, -23 = 3*n + 2*t. Calculate g(n).
-4
Let a(i) = -i**3 - 4 - 428*i**2 + 847*i**2 - 423*i**2 + 0*i + 5*i. Suppose 0 = 4*x - 34 + 14. Suppose -20 = 4*k - 4*s, 3*k = 2*k - s - x. Determine a(k).
-4
Let p(r) = -r**3 + 9*r**2 - 7*r - 7. Let i be p(8). Let l = 10 - i. Let z(s) = 10*s**2 - 259 + 258 - s**3 - 8*s + 5*s**3 - 2*s**3 - 3*s**3. Give z(l).
8
Let g be -17 - (172/(-344))/((-2)/(-44)). Let f(o) = o**3 + 18*o**2 + 72*o + 3. Give f(g).
3
Let d(q) = -83*q + 226*q - 63 - 70 - 78*q - 59*q. Determine d(21).
-7
Let s(t) = -2*t**3 + 2*t + 5*t**3 - 2*t**2 - 3 - t**3. Let i(q) = -55*q + 1267. Let u be i(23). Give s(u).
9
Let j(q) = -8*q + 20 - 12 - q**3 - 1 + 17 + 6*q**2 + 31. Determine j(6).
7
Let x(w) be the first derivative of -w**4/4 + 3*w**3 - 5*w**2 + 11*w + 18. Let m be x(8). Let a(n) = 2*n + 6 - 8*n + 8*n. What is a(m)?
-4
Let f(v) = -v**3 + 13*v**2 - 11*v - 2. Suppose -75*g = -77*g + 46. Suppose 0 = 16*o + g*o - 468. Calculate f(o).
10
Let s(c) = -1710*c + 231. Let m(g) = -178*g + 24. Let j(z) = -48*m(z) + 5*s(z). Let b(h) = h**2 + 4*h - 6. Let q be b(-5). Determine j(q).
9
Let b(i) be the first derivative of -5/3*i**3 + 0*i + 1/4*i**4 + 37 - 7/2*i**2. 